{"id":428,"date":"2024-04-03T12:31:08","date_gmt":"2024-04-03T10:31:08","guid":{"rendered":"https:\/\/wp.kyubeek.com\/?post_type=product&#038;p=428"},"modified":"2024-04-03T12:50:05","modified_gmt":"2024-04-03T10:50:05","slug":"carte-dassistance-prepaye","status":"publish","type":"product","link":"https:\/\/wp.kyubeek.com\/?product=carte-dassistance-prepaye","title":{"rendered":"Carte d&rsquo;assistance pr\u00e9pay\u00e9"},"content":{"rendered":"<p>Les horaires d&rsquo;interventions sont fix\u00e9 du Mardi au Vendredi de 14h \u00e0 19h.<br \/>\nLe temps achet\u00e9 via le site internet est credit\u00e9 sous un delais de 24. A la suite de l&rsquo;ajout du credit un mail vous sera automatiquement envoy\u00e9 avec le r\u00e9caputilatif des op\u00e9rations.<br \/>\nApr\u00e8s chaque intervention t\u00e9l\u00e9phonique vous recevrais \u00e9galement un mail r\u00e9capitulatif avec le temps decompt\u00e9 de votre carte.<br \/>\nLes interventions sont d\u00e9compt\u00e9es par tranche de 10 minutes.<br \/>\nLe credit sur la carte est valable 1 an a compter de la date d&rsquo;achat. La carte n&rsquo;est pas nominative est peut \u00eatre utilis\u00e9e pour de l&rsquo;assistance t\u00e9l\u00e9phonique ou comme formation \u00e0 domicile (frais de d\u00e9placement non compris).<br \/>\nPour tout renseignement vous pouvez contacter Kyubeek au 04.66.42.87.48 ou par mail a contact@kyubeek.com<\/p>\n","protected":false},"excerpt":{"rendered":"<p>Cette carte permet d&rsquo;acc\u00e9d\u00e9 a une assistance t\u00e9l\u00e9phonique par la soci\u00e9t\u00e9 Kyubeek suivant les conditions d\u00e9finir dans la partie information compl\u00e9mentaire ci-dessous<\/p>\n","protected":false},"featured_media":432,"comment_status":"open","ping_status":"closed","template":"","meta":{"_et_pb_use_builder":"","_et_pb_old_content":"","_et_gb_content_width":""},"product_cat":[21],"product_tag":[],"class_list":{"0":"post-428","1":"product","2":"type-product","3":"status-publish","4":"has-post-thumbnail","6":"product_cat-depannage-informatique","8":"first","9":"instock","10":"taxable","11":"shipping-taxable","12":"purchasable","13":"product-type-variable","14":"has-default-attributes"},"_links":{"self":[{"href":"https:\/\/wp.kyubeek.com\/index.php?rest_route=\/wp\/v2\/product\/428","targetHints":{"allow":["GET"]}}],"collection":[{"href":"https:\/\/wp.kyubeek.com\/index.php?rest_route=\/wp\/v2\/product"}],"about":[{"href":"https:\/\/wp.kyubeek.com\/index.php?rest_route=\/wp\/v2\/types\/product"}],"replies":[{"embeddable":true,"href":"https:\/\/wp.kyubeek.com\/index.php?rest_route=%2Fwp%2Fv2%2Fcomments&post=428"}],"wp:featuredmedia":[{"embeddable":true,"href":"https:\/\/wp.kyubeek.com\/index.php?rest_route=\/wp\/v2\/media\/432"}],"wp:attachment":[{"href":"https:\/\/wp.kyubeek.com\/index.php?rest_route=%2Fwp%2Fv2%2Fmedia&parent=428"}],"wp:term":[{"taxonomy":"product_cat","embeddable":true,"href":"https:\/\/wp.kyubeek.com\/index.php?rest_route=%2Fwp%2Fv2%2Fproduct_cat&post=428"},{"taxonomy":"product_tag","embeddable":true,"href":"https:\/\/wp.kyubeek.com\/index.php?rest_route=%2Fwp%2Fv2%2Fproduct_tag&post=428"}],"curies":[{"name":"wp","href":"https:\/\/api.w.org\/{rel}","templated":true}]}}